ghest common divisor of q and 26?
2
Let w(j) = j**2 + 4*j + 4. Let t be w(-6). Suppose -4*p - 59 + 635 = 0. Calculate the highest common divisor of t and p.
16
Suppose 9*r - 55 = 2*n + 4*r, -45 = 2*n + 5*r. Let x be (-1)/(-5) + (-220)/n. Calculate the highest common divisor of 1 and x.
1
Suppose -22*a + 16*a + 90 = 0. Calculate the greatest common divisor of a and 3.
3
Let f = 990 + -951. What is the highest common divisor of f and 455?
13
Let v be (-76)/95*(-5 - 0/(-1)). Suppose -5*y + 556 = 3*u - 551, -v*u = -3*y - 1476. Calculate the greatest common factor of u and 41.
41
Let b(y) = y**3 - 24*y**2 + 22*y + 39. Let v be b(23). Suppose v*m = 22*m - 84. Calculate the greatest common divisor of 112 and m.
14
Let m = 15 + -13. Let p(n) = -n**3 + n**2 + n + 3. Let l be p(-3). Suppose b = -m*b + l. What is the greatest common factor of 84 and b?
12
Let l(y) = 2*y**2 + 14*y - 17. Let f be l(-12). Let d = 23 + f. Calculate the highest common factor of 14 and d.
14
Let v = -39 + 37. Let g be (-1)/(-2) - 75/v. What is the greatest common factor of g and 152?
38
Let p be (-2 + (1 - -2))*-127. Let w = 136 + p. What is the highest common factor of w and 117?
9
Let o = -96 + 3. Let p = 134 + o. Suppose 6*g - 1 - p = 0. What is the highest common divisor of g and 49?
7
Suppose 5*i - 27 = -7. Calculate the highest common factor of i and 2.
2
Suppose -7*q + 233 = -3*q + 5*t, t - 213 = -4*q. Suppose 79*b + 393 = 1420. What is the highest common factor of q and b?
13
Let y be 2*(4 + 45/(-10))*-22. What is the greatest common divisor of 176 and y?
22
Suppose 4*l - 5*z = 52, -5*l + 3*z + 52 = -0*z. Calculate the highest common divisor of 136 and l.
8
Let n(b) = b**3 + 5*b**2 + 4*b + 3. Let p be n(-4). Suppose -1 + p = o. Let a be 6/((-60)/(-425))*o. Calculate the greatest common factor of a and 34.
17
Let m be -1446*(-4)/30 - (-2)/10. Let k be m - ((-3)/2)/(30/(-80)). Let x = 71 + -50. Calculate the greatest common factor of x and k.
21
Suppose 1481 + 1049 = 46*r. What is the highest common factor of r and 11?
11
Let d = -28 - -33. Suppose 0 = d*g - 105 - 15. Calculate the greatest common factor of 6 and g.
6
Let v = -18 + 27. Suppose 0 = -2*f + 10, f + 7 = 2*p - 0*f. Suppose -3*u = -p*u + 9. Calculate the highest common divisor of u and v.
3
Suppose -7*r + 2*r + 1320 = 0. Suppose 3*o - 2*c = 44 + 120, 5*o - r = c. Calculate the highest common divisor of o and 13.
13
Let q(i) be the first derivative of i**2/2 - 4*i + 7. Let y be q(9). Let n = 51 + -11. Calculate the greatest common divisor of n and y.
5
Let b = -970 - -1005. Calculate the highest common divisor of b and 112.
7
Let b(j) = 3*j**3 - 16*j**2 - 9*j - 3. Let z be b(6). Suppose l = -3*l + 480. Suppose -5*h - l = -6*h. What is the greatest common factor of z and h?
15
Let j = 34 + -68. Let k be j*(20/(-8) + 3). Let y = 24 + k. Calculate the greatest common factor of 35 and y.
7
Suppose -4*n + 0*n = -12. Let d be -10 + 1 + n/(-1). Let h = d - -15. Calculate the greatest common factor of h and 33.
3
Let v = -124 + 180. Let p be -1 + v/3 + 5/15. Calculate the greatest common divisor of 18 and p.
18
Let i = -189 - -309. What is the highest common divisor of 90 and i?
30
Let a be (-2)/6*-6 + 92. Calculate the highest common divisor of a and 16.
2
Let h be ((-4)/(-6))/(16/120). Let p = 15 + h. Let b = -9 + p. What is the greatest common factor of 88 and b?
11
Suppose 5*z = -p + 186, -38*p + 788 = -34*p - 2*z. Calculate the greatest common factor of 16 and p.
4
Let n = 1167 + -1140. What is the highest common divisor of 15 and n?
3
Let k = 12 + -2. Suppose 5*n - 47 = 4*y, 4*n - 46 = -2*y + y. Let g = n - 9. Calculate the greatest common divisor of k and g.
2
Let f(y) = 4*y + 7. Let w be f(-5). Let d = -16 - w. Let n be 27 + d + 4 + -4. Calculate the highest common factor of n and 24.
24
Let i = -19 + 26. Suppose 0 = i*q - 2*q - 10. What is the greatest common factor of 1 and q?
1
Let x(c) = -c**3 + 7*c**2 - 6*c + 2. Let h be x(6). Suppose -60 = -0*y - h*y. Let p = -14 + y. What is the greatest common factor of p and 4?
4
Suppose -3*d + 7*d - 4 = 0, 0 = -2*j + 2*d + 286. What is the greatest common divisor of j and 99?
9
Let g be (-1 - (-12)/10) + 1639/55. Suppose -2*w + 2*u + 32 = 0, 0 = 2*w + 2*w - 2*u - 68. Calculate the greatest common divisor of w and g.
6
Suppose l - 272 = -l. Let h be 39/2 - (-4)/(176/(-110)). What is the greatest common factor of l and h?
17
Let m(x) = -x**3 + 3*x**2 + 14*x - 6. Let o be m(5). Calculate the greatest common factor of o and 350.
14
Let v be 3*368/(-24)*-1. Suppose 4*p - 234 = -2*d, d = -7*p + 2*p + 120. Calculate the greatest common divisor of d and v.
23
Suppose 0 = 4*j - 13 + 29, -2*x - 5*j = -70. Calculate the greatest common factor of 360 and x.
45
Let s be 1 - 2*(-65)/2. Calculate the highest common divisor of 6 and s.
6
Suppose 112 = 2*o - 5*n, 3*o - n - 3*n = 182. Let g be 7 + ((-9)/(-3))/(-3). What is the highest common divisor of o and g?
6
Let m = -194 + 284. What is the highest common factor of 117 and m?
9
Let d = 126 - 77. Suppose -d - 11 = -3*x. Calculate the greatest common divisor of x and 50.
10
Let p(n) = -n**2 - 11*n - 8. Let k be p(-7). Suppose 4 = -20*d + 21*d. Calculate the highest common factor of k and d.
4
Suppose 0 = -x + 585 - 140. Let i = 101 + x. Suppose -i = -4*l - 186. What is the greatest common factor of l and 9?
9
Let f be 4*((-280)/(-32) - 2). Calculate the greatest common divisor of f and 117.
9
Let g = 281 - 225. Calculate the highest common divisor of 364 and g.
28
Let g(n) = 2*n**3 - 4*n**2 + 5*n - 6. Let i be g(3). Let a = 130 - 22. Calculate the greatest common divisor of i and a.
27
Suppose -50*q + 30*q + 360 = 0. Calculate the greatest common factor of 126 and q.
18
Let g(a) = -24*a - 5. Let n(r) = -16*r - 3. Let y(m) = -5*g(m) + 8*n(m). Let l be y(-2). What is the greatest common factor of l and 17?
17
Let k be ((-96)/(-40))/((-6)/(-40)). Calculate the highest common factor of 80 and k.
16
Suppose -3*p + 90 = 2*p. Let j = 5599 - 5527. Calculate the highest common factor of p and j.
18
Let i = 99 - 91. Suppose -4 = 4*r - i. Calculate the greatest common divisor of r and 3.
1
Let l be -1 + 0 + (152 - -1). Suppose -8 + 28 = 4*s. Suppose p + 76 = s*p. Calculate the greatest common factor of l and p.
19
Suppose 4*m + 2*h = 280, h - 2*h = -4*m + 292. Calculate the highest common divisor of 18 and m.
18
Suppose -5*b - 2*q = -0*b - 13, 2*q = -3*b + 11. Let m(t) = t**2 - 14*t + 48. Let n be m(9). Calculate the greatest common divisor of b and n.
1
Suppose -165*x = -137*x - 17640. What is the greatest common divisor of x and 84?
42
Let n be -23*(-4 + (8 - (7 + -2))). What is the highest common divisor of 69 and n?
23
Let p be 15096/185 + 6/(-10). What is the greatest common divisor of 135 and p?
27
Let m be 72/(-8) - -5*6. Calculate the greatest common divisor of 336 and m.
21
Let g be (1010/25 - 2) + (-8)/20. Calculate the greatest common divisor of g and 608.
38
Let n be (-2690)/(-45) - (-6)/27. Let a be n/5*((-3 - -1) + 7). Calculate the greatest common factor of a and 12.
12
Suppose -4*t + 357 = 10*r - 5*r, 437 = 5*t - 3*r. Calculate the greatest common factor of 2024 and t.
88
Suppose 16 = -b + 2*b. Let j = -22 - -26. Calculate the greatest common factor of j and b.
4
Suppose 53*t = -150 + 1104. Calculate the greatest common divisor of t and 63.
9
Let q be 9/4 + 2/(-8). Suppose q*m - m = 4. Let f be (-2*2)/((-2)/m). Calculate the greatest common factor of 2 and f.
2
Suppose -5*u + 3*p + 1451 = -p, -2*u = 5*p - 554. Calculate the highest common factor of 82 and u.
41
Let w be (-4)/(-4) + 0 + 2. Let y = w + 1. What is the highest common divisor of y and 32?
4
Let f(x) = -168*x - 66. Let w be f(-2). What is the greatest common factor of w and 10?
10
Suppose -827 = -5*o - 197. Calculate the highest common divisor of 28 and o.
14
Suppose -6 = w - 0*w. Let o be 6 + 2/w*3. Suppose -138 = -3*f + f + 2*l, f - o*l = 65. What is the highest common factor of f and 10?
10
Let x = -47 - -139. Suppose 0 = 5*f - 3 - x. Let c = 39 - f. What is the greatest common divisor of c and 10?
10
Let x = 94 + -65. Calculate the greatest common divisor of 29 and x.
29
Let h be (-333)/(-63) + (-2)/7. Suppose c - 28 = 3*a - a, 5*a - 4*c + 70 = 0. Let z be (-